number?
False
Is 67831 a prime number?
False
Is 6947 prime?
True
Is 526829 prime?
True
Is 180935 a prime number?
False
Is 73237 prime?
True
Is 770335 a prime number?
False
Is 86939 a prime number?
True
Is 175597 composite?
True
Is 40879 a composite number?
False
Is 224359 prime?
True
Is 1212433 a composite number?
False
Is 35537 composite?
False
Is 162209 prime?
True
Is 444553 prime?
True
Is 135961 composite?
True
Is 48011 composite?
True
Is 242551 a prime number?
True
Is 36067 composite?
False
Is 14029 prime?
True
Is 8257 a composite number?
True
Is 302831 prime?
True
Is 165287 a composite number?
False
Is 7787 composite?
True
Is 6439 a composite number?
True
Is 85893 prime?
False
Is 590807 a prime number?
False
Is 25013 composite?
False
Is 1865 a prime number?
False
Is 34363 a prime number?
False
Is 5731 composite?
True
Is 27361 composite?
False
Is 10001957 prime?
False
Is 156091 a prime number?
False
Is 41909 a prime number?
False
Is 27743 a prime number?
True
Is 676171 composite?
False
Is 343295 composite?
True
Is 139831 prime?
True
Is 1543 composite?
False
Is 377327 composite?
False
Is 2047 composite?
True
Is 23979 a composite number?
True
Is 901027 a prime number?
False
Is 3106 a prime number?
False
Is 16109 a composite number?
True
Is 21961 a prime number?
True
Is 260419 prime?
True
Is 151022 composite?
True
Is 127 a composite number?
False
Is 280271 a composite number?
True
Is 105863 prime?
True
Is 1297519 a composite number?
False
Is 1277 prime?
True
Is 52981 a composite number?
False
Is 13749 prime?
False
Is 5047195 a prime number?
False
Is 10577 prime?
False
Is 190889 prime?
True
Is 4681 prime?
False
Is 1408287 composite?
True
Is 29847 composite?
True
Is 24159 composite?
True
Is 99661 a prime number?
True
Is 8467 a prime number?
True
Is 12481 a composite number?
True
Is 5297 a prime number?
True
Is 171931 a prime number?
False
Is 157127 composite?
False
Is 27983 prime?
True
Is 144829 composite?
False
Is 114451 prime?
True
Is 1223683 prime?
True
Is 3607 a prime number?
True
Is 63797 composite?
True
Is 38039 prime?
True
Is 33433 a prime number?
False
Is 4289 a prime number?
True
Is 10427 prime?
True
Is 1315 composite?
True
Is 281509 composite?
False
Is 2361721 composite?
False
Is 155867 a composite number?
True
Is 33179 a prime number?
True
Is 7939 composite?
True
Is 18319 a composite number?
True
Is 13387 composite?
True
Is 9151 a composite number?
False
Is 32479 prime?
True
Is 24257 composite?
True
Is 8171 a composite number?
False
Is 501803 a composite number?
False
Is 705395 a prime number?
False
Is 16619 a composite number?
False
Is 694 composite?
True
Is 60179 prime?
False
Is 1799 prime?
False
Is 22229 a prime number?
True
Is 4489 prime?
False
Is 58154 prime?
False
Is 236273 a prime number?
False
Is 133069 composite?
False
Is 12193 a composite number?
True
Is 43499 prime?
True
Is 55507 a prime number?
False
Is 409429 prime?
True
Is 6403 a composite number?
True
Is 382 a composite number?
True
Is 46061 composite?
False
Is 126719 composite?
False
Is 3387655 prime?
False
Is 1390601 prime?
True
Is 143107 composite?
False
Is 27043 a composite number?
False
Is 379 prime?
True
Is 30215 prime?
False
Is 190027 a prime number?
True
Is 35069 a prime number?
True
Is 11863 a prime number?
True
Is 143281 composite?
False
Is 144017 a prime number?
False
Is 2330539 a prime number?
True
Is 398887 prime?
True
Is 14233 composite?
True
Is 25819 composite?
False
Is 129491 a prime number?
True
Is 14095 a prime number?
False
Is 75641 a prime number?
True
Is 3433 composite?
False
Is 5581 a prime number?
True
Is 424651 composite?
True
Is 22567 a prime number?
True
Is 13198 a prime number?
False
Is 206071 composite?
True
Is 53479 prime?
True
Is 26221 prime?
False
Is 144241 prime?
True
Is 51211 a prime number?
False
Is 330697 a prime number?
True
Is 302959 a prime number?
True
Is 1133 a prime number?
False
Is 30241 a composite number?
False
Is 14221 a prime number?
True
Is 3722 a prime number?
False
Is 164665 a prime number?
False
Is 125483 a composite number?
True
Is 46133 a composite number?
False
Is 154345 a prime number?
False
Is 28001 a composite number?
False
Is 850417 composite?
False
Is 9094 composite?
True
Is 53347 a prime number?
False
Is 122747 a prime number?
False
Is 1177 composite?
True
Is 2931053 a prime number?
True
Is 2965 a prime number?
False
Is 10499 a prime number?
True
Is 190387 a composite number?
False
Is 123569 prime?
False
Is 72166 composite?
True
Is 9091 a composite number?
False
Is 6439 composite?
True
Is 18187 a prime number?
False
Is 26318 a prime number?
False
Is 3017 a prime number?
False
Is 16631 composite?
False
Is 45554 composite?
True
Is 650911 a prime number?
True
Is 10801 a composite number?
True
Is 4547 a composite number?
False
Is 277333 a composite number?
True
Is 82127 prime?
False
Is 2611 prime?
False
Is 385657 prime?
True
Is 563215 composite?
True
Is 1090387 a prime number?
True
Is 253033 prime?
False
Is 302021 a prime number?
False
Is 1046329 a prime number?
True
Is 5857 a prime number?
True
Is 483263 composite?
True
Is 35719 prime?
False
Is 51811 composite?
True
Is 317257 a prime number?
True
Is 901 composite?
True
Is 12295 prime?
False
Is 9383 prime?
False
Is 9307 a prime number?
False
Is 324111 composite?
True
Is 324203 a composite number?
True
Is 125771 prime?
False
Is 50231 composite?
False
Is 93983 composite?
False
Is 13859 a prime number?
True
Is 12611 a composite number?
False
Is 460871 composite?
False
Is 41991 a prime number?
False
Is 998411 a composite number?
False
Is 10181 a prime number?
True
Is 8321 a prime number?
False
Is 52619 composite?
True
Is 217403 composite?
True
Is 292627 a composite number?
False
Is 20974 a composite number?
True
Is 2479 prime?
False
Is 28115 a composite number?
True
Is 7327 a prime number?
False
Is 317 a composite number?
False
Is 53231 composite?
False
Is 3687 a composite number?
True
Is 191179 composite?
True
Is 85111 a composite number?
True
Is 29527 prime?
True
Is 3127 composite?
True
Is 29471 composite?
True
Is 1927 a prime number?
False
Is 24233 prime?
False
Is 41047 a composite number?
False
Is 762859 a prime number?
False
Is 55493 composite?
True
Is 31121 composite?
False
Is 11651 a prime number?
False
Is 446 composite?
True
Is 381697 a prime number?
True
Is 96743 a prime number?
False
Is 282343 composite?
True
Is 45545 a prime number?
False
Is 12197 composite?
False
Is 2900251 composite?
True
Is 44413 prime?
False
Is 1258834 prime?
False
Is 115421 composite?
False
Is 5471 a prime number?
True
Is 38945 a composite number?
True
Is 17291 a composite number?
False
Is 393037 composite?
True
Is 306749 composite?
False
Is 269 prime?
True
Is 16319 prime?
True
Is 205519 prime?
True
Is 1903 a composite number?
True
Is 108079 a composite number?
False
Is 447839 composite?
True
Is 8191 composite?
False
Is 227231 a prime number?
True
Is 36557 prime?
False
Is 2039 prime?
True
Is 3814 composite?
True
Is 17947 prime?
False
Is 93683 prime?
True
Is 7981 prime?
False
Is 274661 composite?
False
Is 90595 composite?
True
Is 847337 composite?
True
Is 11159 a prime number?
True
Is 3557 composite?
False
Is 756919 composite?
False
Is 252509 prime?
True
Is 363431 composite?
False
Is 111037 composite?
True
Is 16333 a composite number?
False
Is 5381 a composite number?
False
Is 129817 prime?
False
Is 2749 composite?
False
Is 23117 a prime number?
True
Is 600859 composite?
True
Is 14243 prime?
True
Is 302846 a prime number?
False
Is 23399 composite?
False
Is 215839 prime?
False
Is 89149 a composite number?
True
Is 1543 prime?
True
Is 12037 composite?
False
Is 59921 a composite number?
False
Is 109355 prime?
False
Is 18489 composite?
True
Is 182017 a prime number?
False
Is 15451 composite?
False
Is 661417 a composite number?
False
Is 480043 prime?
True
Is 2568869 composite?
False
Is 37307 composite?
False
Is 14761 composite?
True
Is 4201 a composite number?
False
Is 49015 a composite number?
True
Is 8743 prime?
False
Is 145 composite?
True
Is 945023 prime?
False
Is 6121 composite?
False
Is 27421 a composite number?
True
Is 6865 composite?
True
Is 1967 a composite number?
True
Is 77681 a prime number?
True
Is 35611 a composite number?
True
Is 87317 composite?
False
Is 382 a prime number